343?
-5340
In base 13, what is -1aa3 - 3b?
-1b11
In base 13, what is 14a + 177?
2c4
In base 2, what is -101000011110 + -11000000?
-101011011110
In base 12, what is -243 - -1a3?
-60
In base 11, what is -a75 + -238a?
-3354
In base 6, what is 3 - 121551?
-121544
In base 11, what is 14748 + 17?
14764
In base 3, what is -2001212120102 - 12?
-2001212120121
In base 13, what is -4 + -20029?
-20030
In base 6, what is -322 - -20341?
20015
In base 13, what is 478 - 409?
6c
In base 2, what is 110000 + 1011110101010?
1011111011010
In base 11, what is 14932 - 4?
14929
In base 7, what is -12 + 6565?
6553
In base 5, what is -1401 - -22131?
20230
In base 10, what is -4725 + -5?
-4730
In base 8, what is -241714 - 1?
-241715
In base 14, what is -55b8 - 5?
-55bd
In base 7, what is 32266 + 0?
32266
In base 8, what is -1570 + -333?
-2123
In base 16, what is -10f0 + 1?
-10ef
In base 11, what is -40 + -1053?
-1093
In base 11, what is 70 - -198?
258
In base 6, what is -1253 - 2?
-1255
In base 14, what is -108a + 52?
-1038
In base 2, what is -1111100110110111 + -10?
-1111100110111001
In base 8, what is -7 - -6217?
6210
In base 8, what is 30417 - 101?
30316
In base 3, what is 121100211 - 2?
121100202
In base 11, what is -8853 - -6?
-8848
In base 14, what is 7aa94 + 4?
7aa98
In base 15, what is -18d - 178?
-316
In base 2, what is -100010111001010 + -10?
-100010111001100
In base 4, what is 3 - -22133113?
22133122
In base 13, what is -5 + 138a8?
138a3
In base 9, what is -24 + 354851?
354826
In base 5, what is -4 - 10303004?
-10303013
In base 12, what is -157a - -956?
-824
In base 11, what is 771 + 506?
1177
In base 7, what is -2 + -12624636?
-12624641
In base 8, what is 36 - -43754?
44012
In base 15, what is -5 + -49a0?
-49a5
In base 12, what is aa27b - -4?
aa283
In base 15, what is -900 + 30b?
-5e4
In base 4, what is -11 - -1110332021?
1110332010
In base 5, what is -101 + -1131000?
-1131101
In base 14, what is -5a030 - -5?
-5a029
In base 13, what is 3 + 2268?
226b
In base 13, what is -97 + 2053?
1c89
In base 11, what is 244 - -278?
511
In base 15, what is -7b583 - -4?
-7b57e
In base 3, what is 121 + -10020122?
-10020001
In base 2, what is -110 + 101100011011100?
101100011010110
In base 12, what is -1 - -4326?
4325
In base 3, what is 10122101121 + -2010?
10122022111
In base 14, what is -57d6 - -3a?
-579a
In base 11, what is 72aa8 - 6?
72aa2
In base 13, what is -9b + 8?
-93
In base 14, what is -19c01 + -4?
-19c05
In base 10, what is -634 - -136?
-498
In base 7, what is 0 + -1511103?
-1511103
In base 12, what is -1757 - -116?
-1641
In base 7, what is 0 - 63152?
-63152
In base 13, what is -4bc2 + 29?
-4b96
In base 4, what is -1030310102 - -3?
-1030310033
In base 14, what is 3ac8 - -3?
3acb
In base 15, what is 38 + d78?
db1
In base 5, what is -11200 - -2102?
-4043
In base 7, what is -33 - 1666415?
-1666451
In base 6, what is -1024235 - -2?
-1024233
In base 5, what is 2300130 - -3?
2300133
In base 16, what is -a6f5 - e?
-a703
In base 16, what is d8e - 53?
d3b
In base 9, what is 80835 + 6?
80842
In base 12, what is -55 - -2a66?
2a11
In base 7, what is 3565 + 34?
3632
In base 15, what is 104 + -17ca?
-16c6
In base 10, what is -584 + -253?
-837
In base 10, what is 0 - 565471?
-565471
In base 15, what is -b8 - -10?
-a8
In base 12, what is 18611 + 28?
18639
In base 5, what is -44 - 10304?
-10403
In base 4, what is 0 + -112313011?
-112313011
In base 15, what is 32 - -96e?
9a1
In base 9, what is -5 + 2424?
2418
In base 15, what is 0 - 33134?
-33134
In base 16, what is 3 + 1256?
1259
In base 2, what is 10101001100000 - 0?
10101001100000
In base 16, what is 1d - -16d12?
16d2f
In base 8, what is -3174554 - -3?
-3174551
In base 15, what is -1d3a - 4?
-1d3e
In base 6, what is 1 + -3133?
-3132
In base 12, what is -22052 + 2?
-22050
In base 14, what is -54 + 10599?
10545
In base 3, what is 1112002 + 2222?
1122001
In base 9, what is 35 + -345?
-310
In base 8, what is 60317 - 107?
60210
In base 12, what is -4 - 710a?
-7112
In base 12, what is -5038 - 5?
-5041
In base 15, what is 1a6e - -3?
1a72
In base 5, what is 120020134 - -4?
120020143
In base 5, what is 10142 - 22?
10120
In base 5, what is 140300 - -32?
140332
In base 13, what is -516c + -3?
-5172
In base 12, what is -26726 - -5?
-26721
In base 7, what is -264 + 215?
-46
In base 3, what is -20 + -12211102020?
-12211102110
In base 8, what is 5 - 1336032?
-1336025
In base 13, what is 17b96 - 12?
17b84
In base 13, what is 1981 + -12?
196c
In base 14, what is -c701 - -1?
-c700
In base 9, what is -774 - -2160?
1275
In base 14, what is 1699bd - 2?
1699bb
In base 2, what is 110011001 - 1011101?
100111100
In base 8, what is 26 + -41403?
-41355
In base 13, what is -84a47 + -1?
-84a48
In base 2, what is -1000 + 111110101000?
111110100000
In base 3, what is 1102201202112 - -11?
1102201202200
In base 11, what is -1a010 - -4?
-1a007
In base 12, what is 199b + 17?
19b6
In base 5, what is -3213112 - 0?
-3213112
In base 8, what is -2615 - -364?
-2231
In base 2, what is 10100101010001101101001 - 0?
10100101010001101101001
In base 15, what is 0 - -116d6?
116d6
In base 4, what is 11 + 1203230?
1203301
In base 3, what is 121201 - -102010?
1000211
In base 14, what is -41db6 - -d?
-41da7
In base 14, what is dca - a?
dc0
In base 5, what is 1 + 2214322?
2214323
In base 3, what is -11 + -11121222?
-11122010
In base 7, what is -43140 - 24?
-43164
In base 14, what is 11 + 219?
22a
In base 7, what is -1545 - 111?
-1656
In base 6, what is 14424 - 433?
13551
In base 15, what is 5 + e23ab?
e23b1
In base 7, what is -2 - -1302233?
1302231
In base 3, what is 11 - 22120120001?
-22120112220
In base 14, what is 193 + -830?
-67b
In base 11, what is 51 - 862?
-811
In base 14, what is c4d + 15d?
dac
In base 2, what is 101 - -110001110110?
110001111011
In base 9, what is 831570 + -5?
831564
In base 11, what is -1 - -97359?
97358
In base 5, what is -111 - -2121404?
2121243
In base 5, what is 21321112 + -2?
21321110
In base 14, what is 15055 + -5?
15050
In base 5, what is -3034441 - 10?
-3040001
In base 15, what is 5 + -24b8?
-24b3
In base 7, what is -1 + 1644444?
1644443
In base 6, what is 3035054 - 4?
3035050
In base 8, what is 5 - -6172?
6177
In base 5, what is 303 - -133222?
134030
In base 11, what is -368 + -29?
-396
In base 14, what is -10d3 + 24?
-10ad
In base 11, what is -7167 + 5?
-7162
In base 13, what is -85511 + 4?
-8550a
In base 16, what is 58c4 + 2d?
58f1
In base 7, what is -210460 + -23?
-210513
In base 15, what is 0 - 831?
-831
In base 15, what is 6b8 + 231?
8e9
In base 3, what is 1102122111 + 12?
1102122200
In base 5, what is -2243021 - -10?
-2243011
In base 10, what is 4 - -128145?
128149
In base 13, what is 1500 - 1b6?
1317
In base 16, what is -4 - 2493?
-2497
In base 5, what is 1140104 - 334?
1134220
In base 9, what is 1226 + -638?
477
In base 5, what is 14201 - 42?
14104
In base 5, what is -4 - 3203220?
-3203224
In base 16, what is 2241 - -4?
2245
In base 12, what is -1 - -336b?
336a
In base 6, what is -2 - -30325251?
30325245
In base 11, what is 10a5 - -445?
153a
In base 13, what is -c + 2525?
2516
In base 9, what is -5280 - -11?
-5268
In base 2, what is 11111110110101101 - 1001?
11111110110100100
In base 2, what is 0 - -1110110111011111000?
1110110111011111000
In base 5, what is 224441 + -120?
224321
In base 5, what is 13 + 244422?
244440
In base 15, what is -7753 + 2?
-7751
In base 15, what is -848 - b?
-854
In base 16, what is 8 + 3842?
384a
In base 4, what is 12002030 + -102?
12001322
In base 4, what is -201032233 + 12?
-201032221
In base 2, what is 0 - -11000000010110010?
11000000010110010
In base 16, what is -2737 + -3a?
-2771
In base 6, what is -1 + -414433?
-414434
In base 4, what is 2131 - 1022?
1103
In base 6, what is -1 + -35415?
-35420
In base 15, what is -16c - 6?
-173
In base 16, what is -4 + -37bf?
-37c3
In base 10, what is -68 - -637?
569
In base 4, what is 10 + 3332233?
3332303
In base 10, what is 0 - -1077646?
1077646
In base 16, what is 52c8 + 1?
52c9
In base 3, what is -2002 + -11012101?
-11021110
In base 8, what is -4674 - -2603?
-2071
In base 9, what is 3466 - -432?
4008
In base 13, what is 7aab97 - 0?
7aab97
In base 8, what is -323 - -57?
-244
In base 14, what is 3 - -192a3b?
192a40
In base 10, what is -297134 - 4?
-297138
In base 1